{"id":104,"date":"2018-05-03T14:55:27","date_gmt":"2018-05-03T18:55:27","guid":{"rendered":"https:\/\/www.law.georgetown.edu\/carola\/news-events\/past-events\/matias-romero-y-el-oficio-diplomatico-1837-1898\/"},"modified":"2025-05-12T11:15:01","modified_gmt":"2025-05-12T15:15:01","slug":"matias-romero-book-presentation","status":"publish","type":"page","link":"https:\/\/www.law.georgetown.edu\/carola\/news-events\/past-events\/matias-romero-book-presentation\/","title":{"rendered":"Mat\u00edas Romero Book Presentation"},"content":{"rendered":"<p>&nbsp;<\/p>\n<p><img loading=\"lazy\" decoding=\"async\" class=\"aligncenter size-full wp-image-106\" src=\"https:\/\/www.law.georgetown.edu\/carola\/wp-content\/uploads\/sites\/29\/2018\/05\/IMG_1009.jpg\" alt=\"Professor Santos with authors and discussants at book talk\" width=\"3264\" height=\"2448\" srcset=\"https:\/\/www.law.georgetown.edu\/carola\/wp-content\/uploads\/sites\/29\/2018\/05\/IMG_1009.jpg 3264w, https:\/\/www.law.georgetown.edu\/carola\/wp-content\/uploads\/sites\/29\/2018\/05\/IMG_1009-300x225.jpg 300w, https:\/\/www.law.georgetown.edu\/carola\/wp-content\/uploads\/sites\/29\/2018\/05\/IMG_1009-768x576.jpg 768w, https:\/\/www.law.georgetown.edu\/carola\/wp-content\/uploads\/sites\/29\/2018\/05\/IMG_1009-1024x768.jpg 1024w, https:\/\/www.law.georgetown.edu\/carola\/wp-content\/uploads\/sites\/29\/2018\/05\/IMG_1009-500x375.jpg 500w, https:\/\/www.law.georgetown.edu\/carola\/wp-content\/uploads\/sites\/29\/2018\/05\/IMG_1009-740x555.jpg 740w, https:\/\/www.law.georgetown.edu\/carola\/wp-content\/uploads\/sites\/29\/2018\/05\/IMG_1009-980x735.jpg 980w, https:\/\/www.law.georgetown.edu\/carola\/wp-content\/uploads\/sites\/29\/2018\/05\/IMG_1009-1220x915.jpg 1220w, https:\/\/www.law.georgetown.edu\/carola\/wp-content\/uploads\/sites\/29\/2018\/05\/IMG_1009-1440x1080.jpg 1440w\" sizes=\"auto, (max-width: 3264px) 100vw, 3264px\" \/><img loading=\"lazy\" decoding=\"async\" class=\"alignleft size-medium wp-image-274\" src=\"https:\/\/www.law.georgetown.edu\/carola\/wp-content\/uploads\/sites\/29\/2019\/01\/Book-front-matter-220x300.png\" alt=\"Cover of Sergio Silva and Graciela M\u00e1rquez's book &quot;Mat\u00edas Romero y el oficio diplom\u00e1tico: 1837-1898&quot;\" width=\"220\" height=\"300\" srcset=\"https:\/\/www.law.georgetown.edu\/carola\/wp-content\/uploads\/sites\/29\/2019\/01\/Book-front-matter-220x300.png 220w, https:\/\/www.law.georgetown.edu\/carola\/wp-content\/uploads\/sites\/29\/2019\/01\/Book-front-matter.png 607w\" sizes=\"auto, (max-width: 220px) 100vw, 220px\" \/><\/p>\n<p>On April 19, 2018, Sergio Silva and Graciela M\u00e1rquez joined CAROLA and the Center for Latin American Studies (CLAS) for a discussion and book presentation of their latest work \u201cMat\u00edas Romero and the Craft of Diplomacy: 1837-1898.\u201d CAROLA&#8217;s Professor Alvaro Santos moderated the event, with Alberto Fierro, Executive Director of the Mexican Cultural Institute and Casey Lurtz, Assistant Professor at Johns Hopkins University serving as lead discussants.<\/p>\n<p><a href=\"https:\/\/seccionesimr.sre.gob.mx\/docs\/MatiasRomero-ingles_final.pdf\">Read the book online<\/a><\/p>\n<p><a href=\"https:\/\/latinamerica.georgetown.edu\/essays\/a-book-presentation-matias-romero-y-el-oficio-diplomatico#_ga=2.3727088.1519669444.1525654580-1919063058.1468865487\">View the event description on the CLAS website<\/a><\/p>\n","protected":false},"excerpt":{"rendered":"<p>&nbsp; On April 19, 2018, Sergio Silva and Graciela M\u00e1rquez joined CAROLA and the Center for Latin American Studies (CLAS) for a discussion and book presentation of their latest work [&hellip;]<\/p>\n","protected":false},"author":78,"featured_media":0,"parent":8,"menu_order":7,"comment_status":"closed","ping_status":"closed","template":"","meta":{"_acf_changed":false,"_price":"","_stock":"","_tribe_ticket_header":"","_tribe_default_ticket_provider":"","_tribe_ticket_capacity":"0","_ticket_start_date":"","_ticket_end_date":"","_tribe_ticket_show_description":"","_tribe_ticket_show_not_going":false,"_tribe_ticket_use_global_stock":"","_tribe_ticket_global_stock_level":"","_global_stock_mode":"","_global_stock_cap":"","_tribe_rsvp_for_event":"","_tribe_ticket_going_count":"","_tribe_ticket_not_going_count":"","_tribe_tickets_list":"[]","_tribe_ticket_has_attendee_info_fields":false,"footnotes":"","_tec_slr_enabled":"","_tec_slr_layout":""},"class_list":["post-104","page","type-page","status-publish","hentry"],"acf":[],"ticketed":false,"_links":{"self":[{"href":"https:\/\/www.law.georgetown.edu\/carola\/wp-json\/wp\/v2\/pages\/104","targetHints":{"allow":["GET"]}}],"collection":[{"href":"https:\/\/www.law.georgetown.edu\/carola\/wp-json\/wp\/v2\/pages"}],"about":[{"href":"https:\/\/www.law.georgetown.edu\/carola\/wp-json\/wp\/v2\/types\/page"}],"author":[{"embeddable":true,"href":"https:\/\/www.law.georgetown.edu\/carola\/wp-json\/wp\/v2\/users\/78"}],"replies":[{"embeddable":true,"href":"https:\/\/www.law.georgetown.edu\/carola\/wp-json\/wp\/v2\/comments?post=104"}],"version-history":[{"count":22,"href":"https:\/\/www.law.georgetown.edu\/carola\/wp-json\/wp\/v2\/pages\/104\/revisions"}],"predecessor-version":[{"id":3028,"href":"https:\/\/www.law.georgetown.edu\/carola\/wp-json\/wp\/v2\/pages\/104\/revisions\/3028"}],"up":[{"embeddable":true,"href":"https:\/\/www.law.georgetown.edu\/carola\/wp-json\/wp\/v2\/pages\/8"}],"wp:attachment":[{"href":"https:\/\/www.law.georgetown.edu\/carola\/wp-json\/wp\/v2\/media?parent=104"}],"curies":[{"name":"wp","href":"https:\/\/api.w.org\/{rel}","templated":true}]}}

Matías Romero Book Presentation

<p>&nbsp;</p>
<p><img loading="lazy" decoding="async" class="aligncenter size-full wp-image-106" src="https://www.law.georgetown.edu/carola/wp-content/uploads/sites/29/2018/05/IMG_1009.jpg" alt="Professor Santos with authors and discussants at book talk" width="3264" height="2448" srcset="https://www.law.georgetown.edu/carola/wp-content/uploads/sites/29/2018/05/IMG_1009.jpg 3264w, https://www.law.georgetown.edu/carola/wp-content/uploads/sites/29/2018/05/IMG_1009-300x225.jpg 300w, https://www.law.georgetown.edu/carola/wp-content/uploads/sites/29/2018/05/IMG_1009-768x576.jpg 768w, https://www.law.georgetown.edu/carola/wp-content/uploads/sites/29/2018/05/IMG_1009-1024x768.jpg 1024w, https://www.law.georgetown.edu/carola/wp-content/uploads/sites/29/2018/05/IMG_1009-500x375.jpg 500w, https://www.law.georgetown.edu/carola/wp-content/uploads/sites/29/2018/05/IMG_1009-740x555.jpg 740w, https://www.law.georgetown.edu/carola/wp-content/uploads/sites/29/2018/05/IMG_1009-980x735.jpg 980w, https://www.law.georgetown.edu/carola/wp-content/uploads/sites/29/2018/05/IMG_1009-1220x915.jpg 1220w, https://www.law.georgetown.edu/carola/wp-content/uploads/sites/29/2018/05/IMG_1009-1440x1080.jpg 1440w" sizes="auto, (max-width: 3264px) 100vw, 3264px" /><img loading="lazy" decoding="async" class="alignleft size-medium wp-image-274" src="https://www.law.georgetown.edu/carola/wp-content/uploads/sites/29/2019/01/Book-front-matter-220x300.png" alt="Cover of Sergio Silva and Graciela Márquez's book &quot;Matías Romero y el oficio diplomático: 1837-1898&quot;" width="220" height="300" srcset="https://www.law.georgetown.edu/carola/wp-content/uploads/sites/29/2019/01/Book-front-matter-220x300.png 220w, https://www.law.georgetown.edu/carola/wp-content/uploads/sites/29/2019/01/Book-front-matter.png 607w" sizes="auto, (max-width: 220px) 100vw, 220px" /></p>
<p>On April 19, 2018, Sergio Silva and Graciela Márquez joined CAROLA and the Center for Latin American Studies (CLAS) for a discussion and book presentation of their latest work “Matías Romero and the Craft of Diplomacy: 1837-1898.” CAROLA&#8217;s Professor Alvaro Santos moderated the event, with Alberto Fierro, Executive Director of the Mexican Cultural Institute and Casey Lurtz, Assistant Professor at Johns Hopkins University serving as lead discussants.</p>
<p><a href="https://seccionesimr.sre.gob.mx/docs/MatiasRomero-ingles_final.pdf">Read the book online</a></p>
<p><a href="https://latinamerica.georgetown.edu/essays/a-book-presentation-matias-romero-y-el-oficio-diplomatico#_ga=2.3727088.1519669444.1525654580-1919063058.1468865487">View the event description on the CLAS website</a></p>

<p>&nbsp; On April 19, 2018, Sergio Silva and Graciela Márquez joined CAROLA and the Center for Latin American Studies (CLAS) for a discussion and book presentation of their latest work [&hellip;]</p>
