{"id":1958,"date":"2022-06-15T15:03:12","date_gmt":"2022-06-15T19:03:12","guid":{"rendered":"https:\/\/www.law.georgetown.edu\/carola\/?page_id=1958"},"modified":"2025-05-12T11:14:51","modified_gmt":"2025-05-12T15:14:51","slug":"leadership-council","status":"publish","type":"page","link":"https:\/\/www.law.georgetown.edu\/carola\/who-we-are\/leadership-council\/","title":{"rendered":"CAROLA&#8217;s Leadership Council"},"content":{"rendered":"<p>&nbsp;<\/p>\n<p><img loading=\"lazy\" decoding=\"async\" class=\"alignleft wp-image-2469 size-medium\" src=\"https:\/\/www.law.georgetown.edu\/carola\/wp-content\/uploads\/sites\/29\/2022\/12\/Ana-Carolina-Gentil-258x300.jpg\" alt=\"\" width=\"258\" height=\"300\" srcset=\"https:\/\/www.law.georgetown.edu\/carola\/wp-content\/uploads\/sites\/29\/2022\/12\/Ana-Carolina-Gentil-258x300.jpg 258w, https:\/\/www.law.georgetown.edu\/carola\/wp-content\/uploads\/sites\/29\/2022\/12\/Ana-Carolina-Gentil-881x1024.jpg 881w, https:\/\/www.law.georgetown.edu\/carola\/wp-content\/uploads\/sites\/29\/2022\/12\/Ana-Carolina-Gentil-768x893.jpg 768w, https:\/\/www.law.georgetown.edu\/carola\/wp-content\/uploads\/sites\/29\/2022\/12\/Ana-Carolina-Gentil-1321x1536.jpg 1321w, https:\/\/www.law.georgetown.edu\/carola\/wp-content\/uploads\/sites\/29\/2022\/12\/Ana-Carolina-Gentil-1761x2048.jpg 1761w, https:\/\/www.law.georgetown.edu\/carola\/wp-content\/uploads\/sites\/29\/2022\/12\/Ana-Carolina-Gentil-500x581.jpg 500w, https:\/\/www.law.georgetown.edu\/carola\/wp-content\/uploads\/sites\/29\/2022\/12\/Ana-Carolina-Gentil-740x860.jpg 740w, https:\/\/www.law.georgetown.edu\/carola\/wp-content\/uploads\/sites\/29\/2022\/12\/Ana-Carolina-Gentil-980x1139.jpg 980w, https:\/\/www.law.georgetown.edu\/carola\/wp-content\/uploads\/sites\/29\/2022\/12\/Ana-Carolina-Gentil.jpg 2016w\" sizes=\"auto, (max-width: 258px) 100vw, 258px\" \/><\/p>\n<p><strong>Ana Carolina Freire Gentil,\u00a0&#8217;18 LL.M., <\/strong>has been a member of the leadership council since 2022. She is a founding partner at Scaramucci Gentil Advogados based in S\u00e3o Paulo (Brazil), focusing on energy, investments, M&amp;A, corporate governance, financing, compliance, and environmental matters. Ana Carolina has more than 25 years of experience, including 17 years at a big law firm and three years as legal and compliance director at a large publicly-held energy company. In 2013, she founded the NGO WILL (Women in Leadership in Latin America) focused on sharing best practices, promoting and enhancing the individual and collective value of women in relevant leadership positions in Latin America.\u00a0She is recognized as an expert in finance and\u00a0compliance\u00a0in Brazil\u00a0by renowned rankings.<\/p>\n<p>&nbsp;<\/p>\n<p><strong><img loading=\"lazy\" decoding=\"async\" class=\"size-medium wp-image-1959 alignleft\" src=\"https:\/\/www.law.georgetown.edu\/carola\/wp-content\/uploads\/sites\/29\/2022\/06\/Leo\u0301n-e1655316444511-259x300.jpeg\" alt=\"\" width=\"259\" height=\"300\" srcset=\"https:\/\/www.law.georgetown.edu\/carola\/wp-content\/uploads\/sites\/29\/2022\/06\/Leo\u0301n-e1655316444511-259x300.jpeg 259w, https:\/\/www.law.georgetown.edu\/carola\/wp-content\/uploads\/sites\/29\/2022\/06\/Leo\u0301n-e1655316444511.jpeg 356w\" sizes=\"auto, (max-width: 259px) 100vw, 259px\" \/>Le\u00f3n Pati\u00f1o C\u00e1ceres, &#8217;14 LL.M.,<\/strong> has been the chair of the leadership council since 2021. He is the Vice-President of Legal and International Affairs at PALMCORP, a holding company with operations in project finance and law, renewable energy, food and beverage, private and national security, and real estate. Underneath PALMCORP is Pati\u00f1o C\u00e1ceres, a boutique law firm with high-level clientele in the Caribbean Region and a focus on corporate and estate planning law. He is the Managing Partner at Pati\u00f1o C\u00e1ceres. In addition to his work with CAROLA, he is also the former chair of the Latin American Leadership Committee, through the <a href=\"https:\/\/lalp.georgetown.edu\/\">Latin American Leadership Program<\/a>, where he continues to serve as a member.<\/p>\n<p>&nbsp;<\/p>\n<p><img loading=\"lazy\" decoding=\"async\" class=\"wp-image-1961 alignleft\" src=\"https:\/\/www.law.georgetown.edu\/carola\/wp-content\/uploads\/sites\/29\/2022\/06\/aiza-e1655318247826.png\" alt=\"\" width=\"215\" height=\"256\" \/><strong>Carlos Aiza, &#8217;93 LL.M.,<\/strong>\u00a0has been a member of the leadership council since 2021. He specializes in international financial law and is a Senior Partner at Creel, Garc\u00eda-Cu\u00e9llar, Aiza y Enr\u00edquez, S.C. in Mexico City. At this firm, he has worked on some of the most innovative capital markets, finance and asset securitization transactions in Mexican history. The Financial Times recognized him in 2018 as one of the &#8220;10 Most Innovative Lawyers in North America&#8221; He was the first Mexican Lawyer to be recognized on this list. In addition to his role on CAROLA&#8217;s leadership council, he is also a board member of Georgetown Law&#8217;s <a href=\"https:\/\/www.law.georgetown.edu\/alumni\/alumni-leadership\/latin-american-law-alumni-advisory-board-lalaab\/\">Latin American and Caribbean Law Alumni Advisory Board<\/a>.<\/p>\n<p>&nbsp;<\/p>\n<p><img loading=\"lazy\" decoding=\"async\" class=\" wp-image-1960 alignleft\" src=\"https:\/\/www.law.georgetown.edu\/carola\/wp-content\/uploads\/sites\/29\/2022\/06\/covington-e1655317704593-256x300.jpeg\" alt=\"\" width=\"215\" height=\"252\" srcset=\"https:\/\/www.law.georgetown.edu\/carola\/wp-content\/uploads\/sites\/29\/2022\/06\/covington-e1655317704593-256x300.jpeg 256w, https:\/\/www.law.georgetown.edu\/carola\/wp-content\/uploads\/sites\/29\/2022\/06\/covington-e1655317704593.jpeg 333w\" sizes=\"auto, (max-width: 215px) 100vw, 215px\" \/><strong>Virginia Covington, &#8217;80 LL.M.,<\/strong> has been a member of the leadership council since 2021. She is a United States District Court Judge for the Middle District of Florida and was the first Hispanic named to this position. She also served on Florida\u2019s Second District Court of Appeal before moving to Florida&#8217;s Middle District, having been appointed to that court in September 2001. Prior to becoming a judge, she spent much of her career as an Assistant United States Attorney for the Middle District of Florida. She was awarded Georgetown Law&#8217;s <a href=\"https:\/\/www.law.georgetown.edu\/alumni\/reunion\/2020-alumni-awardees\/judge-virginia-covington-l80\/\">Paul R. Dean Alumni Award<\/a> in 2020 and she was inducted to the Florida Women&#8217;s Hall of Fame in 2021.<\/p>\n<p>&nbsp;<\/p>\n<p><img loading=\"lazy\" decoding=\"async\" class=\" wp-image-1962 alignleft\" src=\"https:\/\/www.law.georgetown.edu\/carola\/wp-content\/uploads\/sites\/29\/2022\/06\/diego-martinez-clr.jpeg\" alt=\"\" width=\"215\" height=\"251\" \/><strong>Diego Mart\u00ednez, &#8217;00 LL.M.,<\/strong> has been a member of the leadership council since 2022. He is the Co-Managing Partner at DLA Piper&#8217;s Mexico City office, where his legal focus is in corporate law with an emphasis in corporate finance and debt restructuring transactions. <span aria-hidden=\"true\">He is an expert in cross-border transactions, finance restructuring &amp; workouts, structured finance, derivatives, private equity, corporate and investment banking and regulatory work of any Mexican financial entity.<\/span><\/p>\n<p>&nbsp;<\/p>\n<p><strong><img loading=\"lazy\" decoding=\"async\" class=\" wp-image-1963 alignleft\" src=\"https:\/\/www.law.georgetown.edu\/carola\/wp-content\/uploads\/sites\/29\/2022\/06\/munoz_jose.jpeg\" alt=\"\" width=\"215\" height=\"258\" \/>Jos\u00e9 Antonio Mu\u00f1oz, &#8217;86 LL.M.,<\/strong> has been a member of the leadership council since 2022. He is the Chair and Managing Partner of Dentons Mu\u00f1oz in Central America, where he focuses on the intersection of business and public law, public international law, and government. He is also a member of Georgetown Law&#8217;s <a href=\"https:\/\/www.law.georgetown.edu\/alumni\/alumni-leadership\/latin-american-law-alumni-advisory-board-lalaab\/\">Latin American and Caribbean Law Alumni Advisory Board<\/a>. At Dentons, he leads the Rule of Law initiative and maintains ties with The Bingham Centre for the Rule of Law in the UK and The World Justice Project in the USA.<\/p>\n","protected":false},"excerpt":{"rendered":"<p>&nbsp; Ana Carolina Freire Gentil,\u00a0&#8217;18 LL.M., has been a member of the leadership council since 2022. She is a founding partner at Scaramucci Gentil Advogados based in S\u00e3o Paulo (Brazil), [&hellip;]<\/p>\n","protected":false},"author":9213,"featured_media":0,"parent":17,"menu_order":3,"comment_status":"closed","ping_status":"closed","template":"","meta":{"_acf_changed":false,"_price":"","_stock":"","_tribe_ticket_header":"","_tribe_default_ticket_provider":"","_tribe_ticket_capacity":"0","_ticket_start_date":"","_ticket_end_date":"","_tribe_ticket_show_description":"","_tribe_ticket_show_not_going":false,"_tribe_ticket_use_global_stock":"","_tribe_ticket_global_stock_level":"","_global_stock_mode":"","_global_stock_cap":"","_tribe_rsvp_for_event":"","_tribe_ticket_going_count":"","_tribe_ticket_not_going_count":"","_tribe_tickets_list":"[]","_tribe_ticket_has_attendee_info_fields":false,"footnotes":"","_tec_slr_enabled":"","_tec_slr_layout":""},"class_list":["post-1958","page","type-page","status-publish","hentry"],"acf":[],"ticketed":false,"_links":{"self":[{"href":"https:\/\/www.law.georgetown.edu\/carola\/wp-json\/wp\/v2\/pages\/1958","targetHints":{"allow":["GET"]}}],"collection":[{"href":"https:\/\/www.law.georgetown.edu\/carola\/wp-json\/wp\/v2\/pages"}],"about":[{"href":"https:\/\/www.law.georgetown.edu\/carola\/wp-json\/wp\/v2\/types\/page"}],"author":[{"embeddable":true,"href":"https:\/\/www.law.georgetown.edu\/carola\/wp-json\/wp\/v2\/users\/9213"}],"replies":[{"embeddable":true,"href":"https:\/\/www.law.georgetown.edu\/carola\/wp-json\/wp\/v2\/comments?post=1958"}],"version-history":[{"count":27,"href":"https:\/\/www.law.georgetown.edu\/carola\/wp-json\/wp\/v2\/pages\/1958\/revisions"}],"predecessor-version":[{"id":2966,"href":"https:\/\/www.law.georgetown.edu\/carola\/wp-json\/wp\/v2\/pages\/1958\/revisions\/2966"}],"up":[{"embeddable":true,"href":"https:\/\/www.law.georgetown.edu\/carola\/wp-json\/wp\/v2\/pages\/17"}],"wp:attachment":[{"href":"https:\/\/www.law.georgetown.edu\/carola\/wp-json\/wp\/v2\/media?parent=1958"}],"curies":[{"name":"wp","href":"https:\/\/api.w.org\/{rel}","templated":true}]}}