{"id":74,"date":"2018-01-17T00:47:43","date_gmt":"2018-01-17T05:47:43","guid":{"rendered":"https:\/\/www.law.georgetown.edu\/carola\/news-events\/past-events\/vidal-llerenas-book-presentation\/"},"modified":"2025-05-12T11:15:02","modified_gmt":"2025-05-12T15:15:02","slug":"vidal-llerenas-book-presentation","status":"publish","type":"page","link":"https:\/\/www.law.georgetown.edu\/carola\/news-events\/past-events\/vidal-llerenas-book-presentation\/","title":{"rendered":"Vidal Llerenas Book Presentation"},"content":{"rendered":"<p><img loading=\"lazy\" decoding=\"async\" class=\"aligncenter size-full wp-image-65\" src=\"https:\/\/www.law.georgetown.edu\/carola\/wp-content\/uploads\/sites\/29\/2018\/01\/94Alfredo.jpg\" alt=\"Professor Santos and Vidal Llerenas at book talk\" width=\"5760\" height=\"3840\" srcset=\"https:\/\/www.law.georgetown.edu\/carola\/wp-content\/uploads\/sites\/29\/2018\/01\/94Alfredo.jpg 5760w, https:\/\/www.law.georgetown.edu\/carola\/wp-content\/uploads\/sites\/29\/2018\/01\/94Alfredo-300x200.jpg 300w, https:\/\/www.law.georgetown.edu\/carola\/wp-content\/uploads\/sites\/29\/2018\/01\/94Alfredo-768x512.jpg 768w, https:\/\/www.law.georgetown.edu\/carola\/wp-content\/uploads\/sites\/29\/2018\/01\/94Alfredo-1024x683.jpg 1024w, https:\/\/www.law.georgetown.edu\/carola\/wp-content\/uploads\/sites\/29\/2018\/01\/94Alfredo-500x334.jpg 500w, https:\/\/www.law.georgetown.edu\/carola\/wp-content\/uploads\/sites\/29\/2018\/01\/94Alfredo-740x494.jpg 740w, https:\/\/www.law.georgetown.edu\/carola\/wp-content\/uploads\/sites\/29\/2018\/01\/94Alfredo-980x654.jpg 980w, https:\/\/www.law.georgetown.edu\/carola\/wp-content\/uploads\/sites\/29\/2018\/01\/94Alfredo-1220x814.jpg 1220w, https:\/\/www.law.georgetown.edu\/carola\/wp-content\/uploads\/sites\/29\/2018\/01\/94Alfredo-1440x960.jpg 1440w\" sizes=\"auto, (max-width: 5760px) 100vw, 5760px\" \/><\/p>\n<p><img loading=\"lazy\" decoding=\"async\" class=\"size-medium wp-image-135 alignleft\" src=\"https:\/\/www.law.georgetown.edu\/carola\/wp-content\/uploads\/sites\/29\/2018\/05\/Book-cover-221x300.jpeg\" alt=\"Cover of Vidal Llerenas and Jesus Resendiz's book \u201cUna pol\u00edtica industrial para M\u00e9xico basada en la innovaci\u00f3n&quot;\" width=\"221\" height=\"300\" srcset=\"https:\/\/www.law.georgetown.edu\/carola\/wp-content\/uploads\/sites\/29\/2018\/05\/Book-cover-221x300.jpeg 221w, https:\/\/www.law.georgetown.edu\/carola\/wp-content\/uploads\/sites\/29\/2018\/05\/Book-cover-768x1044.jpeg 768w, https:\/\/www.law.georgetown.edu\/carola\/wp-content\/uploads\/sites\/29\/2018\/05\/Book-cover-753x1024.jpeg 753w\" sizes=\"auto, (max-width: 221px) 100vw, 221px\" \/><\/p>\n<p>&nbsp;<\/p>\n<p>On November 30, 2017, Vidal Llerenas, Representative in the Mexican Congress for the MORENA Party, presented his book \u201cUna pol\u00edtica industrial para M\u00e9xico basada en la innovaci\u00f3n: un enfoque incluyente, sostenido y sustentable.\u201d The book discussion was moderated by CAROLA&#8217;s Professor Alvaro Santos, and co-hosted by CAROLA and Georgetown&#8217;s Center for Latin American Studies (CLAS).<\/p>\n<p><a href=\"http:\/\/sfs.georgetown.edu\/mexican-congressman-vidal-llerenas-morales-calls-innovative-industrial-policy-mexico\/#_ga=2.224959194.1519669444.1525654580-1919063058.1468865487\">View the event description on the CLAS website<\/a><\/p>\n","protected":false},"excerpt":{"rendered":"<p>&nbsp; On November 30, 2017, Vidal Llerenas, Representative in the Mexican Congress for the MORENA Party, presented his book \u201cUna pol\u00edtica industrial para M\u00e9xico basada en la innovaci\u00f3n: un enfoque [&hellip;]<\/p>\n","protected":false},"author":78,"featured_media":0,"parent":8,"menu_order":3,"comment_status":"closed","ping_status":"closed","template":"","meta":{"_acf_changed":false,"_price":"","_stock":"","_tribe_ticket_header":"","_tribe_default_ticket_provider":"","_tribe_ticket_capacity":"0","_ticket_start_date":"","_ticket_end_date":"","_tribe_ticket_show_description":"","_tribe_ticket_show_not_going":false,"_tribe_ticket_use_global_stock":"","_tribe_ticket_global_stock_level":"","_global_stock_mode":"","_global_stock_cap":"","_tribe_rsvp_for_event":"","_tribe_ticket_going_count":"","_tribe_ticket_not_going_count":"","_tribe_tickets_list":"[]","_tribe_ticket_has_attendee_info_fields":false,"footnotes":"","_tec_slr_enabled":"","_tec_slr_layout":""},"class_list":["post-74","page","type-page","status-publish","hentry"],"acf":[],"ticketed":false,"_links":{"self":[{"href":"https:\/\/www.law.georgetown.edu\/carola\/wp-json\/wp\/v2\/pages\/74","targetHints":{"allow":["GET"]}}],"collection":[{"href":"https:\/\/www.law.georgetown.edu\/carola\/wp-json\/wp\/v2\/pages"}],"about":[{"href":"https:\/\/www.law.georgetown.edu\/carola\/wp-json\/wp\/v2\/types\/page"}],"author":[{"embeddable":true,"href":"https:\/\/www.law.georgetown.edu\/carola\/wp-json\/wp\/v2\/users\/78"}],"replies":[{"embeddable":true,"href":"https:\/\/www.law.georgetown.edu\/carola\/wp-json\/wp\/v2\/comments?post=74"}],"version-history":[{"count":22,"href":"https:\/\/www.law.georgetown.edu\/carola\/wp-json\/wp\/v2\/pages\/74\/revisions"}],"predecessor-version":[{"id":3024,"href":"https:\/\/www.law.georgetown.edu\/carola\/wp-json\/wp\/v2\/pages\/74\/revisions\/3024"}],"up":[{"embeddable":true,"href":"https:\/\/www.law.georgetown.edu\/carola\/wp-json\/wp\/v2\/pages\/8"}],"wp:attachment":[{"href":"https:\/\/www.law.georgetown.edu\/carola\/wp-json\/wp\/v2\/media?parent=74"}],"curies":[{"name":"wp","href":"https:\/\/api.w.org\/{rel}","templated":true}]}}

<p><img loading="lazy" decoding="async" class="aligncenter size-full wp-image-65" src="https://www.law.georgetown.edu/carola/wp-content/uploads/sites/29/2018/01/94Alfredo.jpg" alt="Professor Santos and Vidal Llerenas at book talk" width="5760" height="3840" srcset="https://www.law.georgetown.edu/carola/wp-content/uploads/sites/29/2018/01/94Alfredo.jpg 5760w, https://www.law.georgetown.edu/carola/wp-content/uploads/sites/29/2018/01/94Alfredo-300x200.jpg 300w, https://www.law.georgetown.edu/carola/wp-content/uploads/sites/29/2018/01/94Alfredo-768x512.jpg 768w, https://www.law.georgetown.edu/carola/wp-content/uploads/sites/29/2018/01/94Alfredo-1024x683.jpg 1024w, https://www.law.georgetown.edu/carola/wp-content/uploads/sites/29/2018/01/94Alfredo-500x334.jpg 500w, https://www.law.georgetown.edu/carola/wp-content/uploads/sites/29/2018/01/94Alfredo-740x494.jpg 740w, https://www.law.georgetown.edu/carola/wp-content/uploads/sites/29/2018/01/94Alfredo-980x654.jpg 980w, https://www.law.georgetown.edu/carola/wp-content/uploads/sites/29/2018/01/94Alfredo-1220x814.jpg 1220w, https://www.law.georgetown.edu/carola/wp-content/uploads/sites/29/2018/01/94Alfredo-1440x960.jpg 1440w" sizes="auto, (max-width: 5760px) 100vw, 5760px" /></p>
<p><img loading="lazy" decoding="async" class="size-medium wp-image-135 alignleft" src="https://www.law.georgetown.edu/carola/wp-content/uploads/sites/29/2018/05/Book-cover-221x300.jpeg" alt="Cover of Vidal Llerenas and Jesus Resendiz's book “Una política industrial para México basada en la innovación&quot;" width="221" height="300" srcset="https://www.law.georgetown.edu/carola/wp-content/uploads/sites/29/2018/05/Book-cover-221x300.jpeg 221w, https://www.law.georgetown.edu/carola/wp-content/uploads/sites/29/2018/05/Book-cover-768x1044.jpeg 768w, https://www.law.georgetown.edu/carola/wp-content/uploads/sites/29/2018/05/Book-cover-753x1024.jpeg 753w" sizes="auto, (max-width: 221px) 100vw, 221px" /></p>
<p>&nbsp;</p>
<p>On November 30, 2017, Vidal Llerenas, Representative in the Mexican Congress for the MORENA Party, presented his book “Una política industrial para México basada en la innovación: un enfoque incluyente, sostenido y sustentable.” The book discussion was moderated by CAROLA&#8217;s Professor Alvaro Santos, and co-hosted by CAROLA and Georgetown&#8217;s Center for Latin American Studies (CLAS).</p>
<p><a href="http://sfs.georgetown.edu/mexican-congressman-vidal-llerenas-morales-calls-innovative-industrial-policy-mexico/#_ga=2.224959194.1519669444.1525654580-1919063058.1468865487">View the event description on the CLAS website</a></p>

<p>&nbsp; On November 30, 2017, Vidal Llerenas, Representative in the Mexican Congress for the MORENA Party, presented his book “Una política industrial para México basada en la innovación: un enfoque [&hellip;]</p>
